 and 1452?
484
Calculate the greatest common factor of 65244 and 48.
12
What is the greatest common divisor of 69733 and 274?
137
Calculate the highest common divisor of 3042 and 37674.
234
Calculate the greatest common factor of 1738816 and 101.
101
What is the highest common divisor of 1971 and 18177?
219
Calculate the greatest common divisor of 5096 and 6664.
392
Calculate the highest common divisor of 7788 and 1188.
132
What is the highest common divisor of 712740 and 168?
84
Calculate the greatest common divisor of 2104 and 640142.
526
Calculate the highest common divisor of 725 and 2813.
29
Calculate the greatest common divisor of 1224 and 15640.
136
Calculate the greatest common divisor of 308 and 10290742.
154
What is the highest common factor of 132401 and 31?
31
Calculate the highest common divisor of 345 and 174639.
69
Calculate the highest common factor of 213808 and 70633.
1909
Calculate the greatest common divisor of 40145 and 140.
35
Calculate the greatest common factor of 70519 and 7997.
727
What is the greatest common factor of 95 and 441085?
95
Calculate the highest common factor of 160084 and 1116.
124
Calculate the highest common divisor of 10 and 69880.
10
What is the highest common divisor of 39 and 17511?
39
What is the highest common factor of 176 and 33392?
16
Calculate the greatest common divisor of 38703 and 171.
57
Calculate the highest common factor of 177 and 6744.
3
What is the highest common divisor of 10076 and 308?
44
Calculate the highest common factor of 3055 and 49585.
235
What is the greatest common factor of 4 and 985186?
2
Calculate the greatest common divisor of 357255 and 510.
255
What is the greatest common factor of 180 and 6975?
45
What is the highest common divisor of 217 and 12761?
7
What is the highest common divisor of 82 and 71545?
41
Calculate the greatest common factor of 1113645 and 195.
195
Calculate the highest common divisor of 778550 and 5750.
1150
What is the greatest common divisor of 190 and 19304?
38
What is the highest common divisor of 131 and 1882339?
131
What is the greatest common factor of 788 and 94757?
197
What is the greatest common divisor of 136254 and 18?
6
Calculate the highest common factor of 126 and 421918.
14
What is the greatest common factor of 9864 and 138918?
822
What is the highest common factor of 89500 and 16468?
716
Calculate the highest common factor of 27155 and 10.
5
Calculate the highest common factor of 457227 and 503.
503
Calculate the highest common divisor of 776 and 10961.
97
Calculate the highest common factor of 676 and 2547506.
338
Calculate the highest common divisor of 278024 and 24.
8
What is the greatest common factor of 257321 and 3?
1
Calculate the greatest common divisor of 209548 and 8.
4
What is the highest common factor of 2252570 and 10?
10
Calculate the highest common divisor of 36 and 115668.
36
Calculate the greatest common divisor of 882 and 469812.
294
Calculate the highest common factor of 5033 and 13661.
719
Calculate the highest common divisor of 2486 and 407.
11
Calculate the highest common factor of 26586 and 70.
14
What is the greatest common divisor of 764348 and 260?
52
Calculate the greatest common factor of 66663 and 1863.
81
Calculate the highest common factor of 492 and 215892.
12
What is the greatest common factor of 5584760 and 40?
40
What is the greatest common divisor of 27448 and 4136?
376
Calculate the highest common factor of 2336793 and 564.
141
What is the highest common factor of 21712 and 3818?
46
What is the greatest common divisor of 639845 and 511?
73
What is the greatest common factor of 321 and 678059?
107
Calculate the highest common factor of 33293 and 6929.
169
What is the highest common factor of 952 and 32963?
119
What is the highest common factor of 20620 and 1220?
20
What is the highest common divisor of 1072 and 400?
16
Calculate the greatest common divisor of 2214 and 3813.
123
What is the greatest common factor of 473 and 30014?
43
What is the highest common divisor of 21997 and 22?
1
Calculate the greatest common factor of 3523 and 312.
13
What is the greatest common divisor of 54 and 337959?
27
What is the greatest common factor of 3796 and 1168?
292
Calculate the highest common factor of 32547 and 342.
57
What is the greatest common factor of 129781 and 233?
233
What is the highest common factor of 395943 and 2764?
691
What is the greatest common factor of 36810 and 2863?
409
What is the highest common divisor of 3268 and 352564?
76
What is the greatest common factor of 1500 and 65100?
300
What is the greatest common divisor of 1081 and 256151?
23
What is the greatest common divisor of 12474 and 182?
14
What is the highest common divisor of 58 and 3201716?
58
What is the greatest common factor of 1863 and 68356?
23
Calculate the highest common divisor of 1626 and 36314.
542
Calculate the highest common factor of 56871 and 162.
9
What is the greatest common divisor of 26442 and 36?
18
What is the greatest common divisor of 209 and 14861?
11
Calculate the highest common divisor of 6 and 936870.
6
Calculate the highest common divisor of 950 and 238925.
475
Calculate the highest common divisor of 6935 and 135.
5
What is the greatest common factor of 88 and 31020?
44
What is the highest common factor of 68497 and 1001?
143
What is the highest common divisor of 5180185 and 185?
185
Calculate the highest common factor of 187 and 61897.
187
Calculate the highest common divisor of 215116 and 220.
44
Calculate the greatest common factor of 362 and 2070097.
181
Calculate the greatest common divisor of 4382 and 154.
14
Calculate the highest common divisor of 6806 and 913.
83
What is the highest common divisor of 79 and 4?
1
Calculate the greatest common divisor of 15630 and 30.
30
What is the greatest common divisor of 102 and 280986?
6
What is the greatest common factor of 1065 and 33441?
213
What is the highest common factor of 165927 and 205?
41
What is the highest common factor of 153 and 29?
1
What is the greatest common factor of 4264 and 10478?
26
What is the greatest common divisor of 6622 and 3376274?
946
Calculate the greatest common factor of 1110 and 8510.
370
What is the highest common factor of 4796 and 27904?
436
Calculate the greatest common divisor of 78 and 77883.
39
What is the greatest common divisor of 15000 and 2280?
120
Calculate the highest common divisor of 121310 and 8960.
70
What is the highest common divisor of 6930 and 2394?
126
What is the greatest common divisor of 26 and 58019?
13
What is the highest common factor of 4036821 and 474?
237
What is the greatest common divisor of 2300 and 418025?
575
What is the greatest common factor of 78142 and 878?
878
Calculate the highest common divisor of 11753 and 77280.
161
Calculate the highest common factor of 22082 and 4392.
122
Calculate the greatest common divisor of 207 and 5571.
9
Calculate the greatest common factor of 11009 and 2071.
109
Calculate the highest common factor of 172 and 25757.
43
What is the greatest common factor of 1261 and 102895?
13
What is the greatest common factor of 209528 and 880?
88
Calculate the greatest common divisor of 2816 and 110.
22
What is the highest common divisor of 111627 and 711?
711
What is the greatest common factor of 278 and 654?
2
What is the highest common divisor of 2924 and 316523?
731
Calculate the highest common factor of 132 and 7656.
132
What is the highest common divisor of 75346 and 5858?
202
What is the greatest common divisor of 4403 and 119?
119
Calculate the greatest common divisor of 275 and 3592325.
275
Calculate the highest common factor of 2057950 and 158.
158
Calculate the highest common divisor of 918785 and 5.
5
Calculate the highest common divisor of 1859 and 2197.
169
Calculate the highest common divisor of 3628 and 588.
4
Calculate the highest common divisor of 214 and 934217.
107
Calculate the greatest common divisor of 375229 and 2781.
103
What is the greatest common factor of 140 and 45115?
35
What is the highest common factor of 211659 and 21?
21
Calculate the greatest common divisor of 85 and 265.
5
What is the highest common factor of 40580 and 90?
10
What is the highest common divisor of 98 and 11?
1
What is the greatest common factor of 611 and 145